01 - m. What is the tens digit of k?
9
Let j(k) = -3*k**3 + 147*k**2 - 40*k + 70. What is the ten thousands digit of j(30)?
5
Suppose -2*b + 37754 = 3*l, -2*l = 21*b - 22*b - 25160. What is the tens digit of l?
8
Suppose 1708 + 257 = 3*f. Suppose -3*c - 2*c + f = -5*h, -3*h = -c + 129. What is the units digit of c?
2
Let q = -4850 - -10717. What is the tens digit of q?
6
What is the hundreds digit of 36/30 - 5804734/(-130)?
6
Let j(z) = z**3 + 3*z**2 + 78*z + 24208. What is the ten thousands digit of j(0)?
2
Suppose -5*t = j - 34728, 3*j = 2*t - 18636 + 4738. What is the units digit of t?
6
What is the ten thousands digit of 0 + -1 + 6*(-8)/32*-7366?
1
Suppose 4*x = 773 + 863. Suppose -k + x = a, a - k = -20 + 419. What is the hundreds digit of a?
4
Let s(o) = -o**3 - 12*o**2 + 14*o + 23. Let v be s(-13). Let q = v + 231. What is the units digit of q?
1
Suppose -2*h + 8 = -h. Let g(a) = -a**3 + 12*a**2 + h - 9*a**2 - 4 + 3*a. What is the units digit of g(3)?
3
What is the tens digit of (1 - 0)*402644/(38 - 16)?
0
Suppose 31335 = 2*l - h - 9505, 0 = -4*l + 5*h + 81698. What is the tens digit of l?
1
Let s = 1645 + -891. Let h = -322 + s. What is the units digit of h?
2
Let h(i) = 3*i**2 + 4*i + 19. Let d(z) = 5*z**2 + 6*z + 29. Let x(w) = 5*d(w) - 8*h(w). Let y be x(6). Let t = y + 34. What is the units digit of t?
1
Let w(t) = 34*t - 74. Let a be w(5). Suppose a*p - 2775 = 93*p. What is the hundreds digit of p?
9
Let q be (-4)/(-36) - (-985)/45. Let u(x) = -19 + 5*x + q + 33 - x. What is the units digit of u(8)?
8
Let h(s) = 326*s + 1830. What is the tens digit of h(20)?
5
Suppose 0 = 5*m + c - 65047, 0 = -358*m + 356*m - 5*c + 26005. What is the ten thousands digit of m?
1
Let m(l) = l**3 + 11*l**2 - 44*l - 96. Let f be m(-23). What is the tens digit of f/(-15) - (-2 - 288/(-135))?
6
Suppose -69741 = -54*l + 489375. What is the units digit of l?
4
What is the tens digit of (12 - 475/38) + (-34450)/(-4)?
1
Let m(w) = w**3 + 7*w**2 + 24*w + 64. Let h be m(17). Suppose 9*p = -7*p + h. What is the tens digit of p?
6
Suppose 5*k - 96352 = -4*i, -5*k + 5*i - 77078 = -9*k. What is the ten thousands digit of k?
1
Let i(q) = 5*q**3 - 100*q**2 + 7*q - 26. What is the hundreds digit of i(25)?
7
Let m = -16384 - -27466. What is the tens digit of m?
8
Let q(z) = -z**2 + 6*z - 3. Let b be q(5). Suppose -2411 - 45 = -b*h. What is the hundreds digit of h?
2
Suppose -x - 7*h + 20594 = -2*h, 61850 = 3*x - 2*h. What is the thousands digit of x?
0
Let p = -2942 - -4273. What is the hundreds digit of p?
3
Let p(s) = 201*s**2 + s - 21. Let b be p(3). Let m = b - 801. What is the hundreds digit of m?
9
Let n(l) = 67*l**2 - 9*l - 3. Let m be 8/(-2)*(-4)/(-8). Let a be n(m). Let h = -126 + a. What is the units digit of h?
7
Suppose -5*r - 3*l - 11533 = -46501, -2*r + 4*l + 14008 = 0. What is the hundreds digit of r?
9
What is the thousands digit of (-25881)/(-8) - -8*(-26)/1664?
3
Let g(z) be the first derivative of -19*z**2/2 - 19*z + 14. Let y be g(-9). Suppose -2*s - 2*s + y = 0. What is the tens digit of s?
3
Let p(j) = j**2 - 34*j + 213. Let v be p(8). Suppose v*a - q - 2975 = 3876, -4*q + 2736 = 2*a. What is the tens digit of a?
7
Suppose -4*z = -7*z - 1815. Suppose 2*x = -5*p + 4423, -2*x - 961 = -p - 74. Let h = z + p. What is the units digit of h?
0
What is the units digit of (12/18*(-23565)/(-10))/((-2)/(-2))?
1
Suppose 0 = -2*y + t + 12246, 7532 = y + 4*t + 1409. What is the hundreds digit of y?
1
Suppose -5*s + 16 + 9 = 0. Suppose -2*w + 23 = 3*c, -5*c - s*w = -w - 41. Suppose -c*h + 202 = -253. What is the units digit of h?
1
Let d = -62028 - -96490. What is the ten thousands digit of d?
3
Let g(a) = 50*a**2 - a + 2. Let q be g(2). Suppose 2*r - 378 = 20*v - 16*v, 276 = -3*v + 3*r. Let k = q + v. What is the hundreds digit of k?
1
Suppose -12*q + 2718 = -402. Suppose q*o - 267*o = -9317. What is the tens digit of o?
3
Let t = -234 + 123. Suppose -400 - 131 = 3*y. Let n = t - y. What is the tens digit of n?
6
What is the ten thousands digit of (0 - (-828)/(-54))*-1593?
2
Suppose 0 = -2*h - 4*l + 1992 + 246, -4*h + l + 4512 = 0. Let b = h + 428. What is the units digit of b?
5
Let f(r) = -r**3 - 7*r**2 + 9*r + 3. Let s be f(-8). Let c(u) = u**3 + 8*u**2 + 8*u + 7. Let m be c(s). What is the units digit of 2380/m*(-3)/(-2)?
5
Let t be 2/(2 - 8/6). Suppose 0*y + 1 = y, 3*o = -3*y + t. What is the units digit of (-6)/(-4) - o - 747/(-18)?
3
Let t = -5268 + 16638. What is the units digit of t?
0
Suppose -67142 + 89066 = 20*d - 87336. What is the units digit of d?
3
Let n = -951 - -21356. What is the tens digit of n?
0
Suppose m = -4*u - u + 1723, 3*u + m - 1033 = 0. What is the tens digit of u/414 - (-15938)/12?
2
Let b be (-2 + 40/14)*7. Let p(w) = 8*w + 16. Let d be p(-2). What is the tens digit of (19 - 4 - d)*b?
9
Let m = -705 + 713. Let h(j) = 3*j**3 - 7*j**2 + 44*j - 2. What is the hundreds digit of h(m)?
4
Let b be ((20/16)/5)/(2/40). Suppose -3*w + 5*g = -w - 19, b*w - 5*g = 40. Suppose 6*i = w*i - 132. What is the tens digit of i?
3
What is the tens digit of 6112932/(-549)*1*6/(-8)?
5
Let n be 68/5 - (-50)/125. Suppose i - n = -j + 22, -3*j + i = -124. What is the tens digit of j?
4
Let m = 7258 + -4653. Suppose -6*l + m = -4727. What is the thousands digit of l?
1
Let x be (4 + 0)*(0 + 7 + -6). What is the hundreds digit of (x - 7) + 246 - -2?
2
Let o = -7 + 4. Let r be 8 + (-486)/63 - 5/(-7). What is the tens digit of (142/4)/((o/(-6))/r)?
7
Let d(v) = -46*v**3 + 2*v**2 - 5*v - 16. Let y be (78/9)/(-2) + 140/105. What is the thousands digit of d(y)?
1
Suppose 0 = -30*f - 26*f + 1159418 + 200150. What is the units digit of f?
8
Let j(m) be the first derivative of 8*m**3/3 - m**2 - m - 33. Let o be j(1). Suppose 5*a + 0*a - 843 = -2*f, o*a - 815 = 5*f. What is the hundreds digit of a?
1
Let p(w) = -3*w + 5. Let i = -30 + 31. Let x be p(i). Suppose x*z - 4*z + 384 = 2*u, -3*z - 960 = -5*u. What is the tens digit of u?
9
Let f(r) = r**3 - 55*r**2 - 424*r - 154. What is the hundreds digit of f(67)?
3
Let n(t) = -489*t**3 - 7*t. Let o(m) = 488*m**3 + 8*m. Let q(r) = -7*n(r) - 6*o(r). What is the units digit of q(1)?
6
Suppose -6*n - n = 434. Let b = 211 - n. What is the units digit of b?
3
Let z = -4 - -6. Let h(v) = 4*v + 3*v**3 + 18*v**3 + 10037 + 2*v - 2*v**3 - 10040 - 5*v**2. What is the tens digit of h(z)?
4
Let b(x) = -2*x**3 - 2*x**2 + 3*x + 7. Suppose -4 = -8*g + 6*g. Let c be (g/(-6))/((-8)/(-72)). What is the tens digit of b(c)?
3
Suppose -29*n = -35 - 23. Suppose -5*h - 287 = n*i - 2961, -3*h = 5*i - 1612. What is the hundreds digit of h?
5
Suppose 3*p + 486 = -3*l, -p - 895*l + 892*l - 154 = 0. Let x = 209 - -27. Let g = x + p. What is the tens digit of g?
7
Let j be 3 + (-3 + 1)/((-14)/28). Let a = -23 - -7. What is the units digit of 11 - (a/(-4) - j)?
4
Suppose -41 = -7*v - 27. Suppose 5*r - v*w + 117 = 685, -231 = -2*r - 3*w. What is the units digit of r?
4
Suppose 0 = 2*y + 3*s + 3 + 1, 0 = 2*y - s - 4. Let d be ((-10)/6*-3)/y. Suppose -d*t = -5*b - 2*t + 452, 3*b - 2*t - 271 = 0. What is the units digit of b?
1
Let y(a) = -a**3 + 5*a**2 - 5*a - 5. Let s be y(3). Let t = -4 - 6. What is the tens digit of (365/25)/(s/t)?
7
Suppose 49997 - 272111 = -50*f + 270536. What is the thousands digit of f?
9
Let i = 20 + -11. Let b(p) = -10*p + 191. Let u be b(19). What is the tens digit of i + -6 - u*-151?
5
What is the ten thousands digit of 17560800/972 + 1 + 4/(-6)?
1
Suppose 2*t - 3*v - 7 = 0, 2*v - 2 = -t + 5. Suppose 4*o + 289 = t*o. What is the hundreds digit of o?
2
Let y be (-21)/(1*(-2)/4). Let j(l) = -l**2 + 99*l - 1629. Let o be j(78). Let n = y + o. What is the units digit of n?
1
Let x be (-4)/(-28) - (-508)/(-28). Let p be (-542)/(-6) - (-1 - 5)/x. Suppose -3*w + 3*v + p = 0, -4*v - 8 - 19 = -w. What is the tens digit of w?
3
Let f(u) = -u**2 - 25*u - 73. What is the tens digit of f(-14)?
8
Let b = 8191 + -4851. What is the units digit of b?
0
Suppose -p = -3, 3*s + 5*p - 679 - 254 = 0. What is the units digit of (-116 + 2)*s/(-54)?
6
Suppose -17371 = -14*g - 585. What is the tens digit of g?
9
What is the units digit of (22870 + (1 - (-12 - -6)))*1?
7
Let j(d) = -5*d + 26. Let z be j(6). Let w be ((-15)/9 + 3)*54/z. What is the